{"id":78,"date":"2021-02-10T17:57:45","date_gmt":"2021-02-10T17:57:45","guid":{"rendered":"http:\/\/piesold.eu\/?page_id=78"},"modified":"2023-11-10T10:20:40","modified_gmt":"2023-11-10T10:20:40","slug":"projekte","status":"publish","type":"page","link":"https:\/\/piesold.eu\/?page_id=78","title":{"rendered":"Projekte"},"content":{"rendered":"\n<p><\/p>\n\n\n\n<p class=\"has-medium-font-size\"><strong>Systemtheorie und Verwaltung<\/strong><\/p>\n\n\n\n<figure class=\"wp-block-image size-full is-resized\"><img loading=\"lazy\" decoding=\"async\" width=\"799\" height=\"418\" src=\"https:\/\/piesold.eu\/wp-content\/uploads\/2023\/11\/grafik.png\" alt=\"\" class=\"wp-image-136\" style=\"aspect-ratio:1.9114832535885167;width:839px;height:auto\" srcset=\"https:\/\/piesold.eu\/wp-content\/uploads\/2023\/11\/grafik.png 799w, https:\/\/piesold.eu\/wp-content\/uploads\/2023\/11\/grafik-300x157.png 300w, https:\/\/piesold.eu\/wp-content\/uploads\/2023\/11\/grafik-768x402.png 768w, https:\/\/piesold.eu\/wp-content\/uploads\/2023\/11\/grafik-18x9.png 18w\" sizes=\"auto, (max-width: 799px) 100vw, 799px\" \/><\/figure>\n\n\n\n<p class=\"has-small-font-size\">Eine systemische Betrachtung der Verwaltung hat erhebliche Vorteile, da die Elemente und Relationen wesentl\u00f6ich intensiver betrachtet werden k\u00f6nnen. Komplexit\u00e4tsprobleme k\u00f6nnen so besser identifiziert und gel\u00f6st werden. Unter Ber\u00fccksichtigung des technologischen Wandels erf\u00e4hrt diese systemtheoretische Betrachtung eine ungeh\u00f6rte Aktualit\u00e4t.<\/p>\n\n\n\n<p class=\"has-medium-font-size\"><strong>Die Gedanken sind auch in Hanau frei<\/strong><\/p>\n\n\n\n<p class=\"has-small-font-size\">Eine Chronologie \u00fcber die  Entwicklung des Liberalismus in einer mittleren Stadt, an der ich selbst mitwirken konnte.<\/p>\n\n\n\n<figure class=\"wp-block-image size-full is-resized\"><img loading=\"lazy\" decoding=\"async\" width=\"562\" height=\"396\" src=\"https:\/\/piesold.eu\/wp-content\/uploads\/2023\/11\/grafik-1.png\" alt=\"\" class=\"wp-image-137\" style=\"aspect-ratio:1.4191919191919191;width:843px;height:auto\" srcset=\"https:\/\/piesold.eu\/wp-content\/uploads\/2023\/11\/grafik-1.png 562w, https:\/\/piesold.eu\/wp-content\/uploads\/2023\/11\/grafik-1-300x211.png 300w, https:\/\/piesold.eu\/wp-content\/uploads\/2023\/11\/grafik-1-18x12.png 18w\" sizes=\"auto, (max-width: 562px) 100vw, 562px\" \/><\/figure>\n\n\n\n<p class=\"has-medium-font-size\"><strong>Terrapolis<\/strong><\/p>\n\n\n\n<p class=\"has-small-font-size\">ist der Arbeitstitel meines langfristigen Projektes. <\/p>\n\n\n\n<p class=\"has-small-font-size\">Terrapolis ist ein Kunstwort, dass sich  aus Terra (die Welt) und Polis (die Stadt) zusammensetzt. Sie bilden eine Einheit, erg\u00e4nzen und erweitern sich. R\u00e4ume, Menschen, Objekte und digitale Kommunikationsformen bilden die  Grundlage neuer Kooperationsm\u00f6glichkeiten. Ausgehend von der Arbeit Herbert Simons &#8222;Die Wissenschaft vom K\u00fcnstlichen&#8220; wird eine Wandlung des Systems Terrapolis betrachtet.<\/p>\n\n\n\n<p><\/p>\n\n\n<div class=\"wp-block-image is-resized\">\n<figure class=\"aligncenter\"><img loading=\"lazy\" decoding=\"async\" width=\"1000\" height=\"1000\" src=\"http:\/\/piesold.eu\/wp-content\/uploads\/2021\/02\/earth-blue-planet-globe-planet-87651.jpeg\" alt=\"\" class=\"wp-image-79\" srcset=\"https:\/\/piesold.eu\/wp-content\/uploads\/2021\/02\/earth-blue-planet-globe-planet-87651.jpeg 1000w, https:\/\/piesold.eu\/wp-content\/uploads\/2021\/02\/earth-blue-planet-globe-planet-87651-150x150.jpeg 150w, https:\/\/piesold.eu\/wp-content\/uploads\/2021\/02\/earth-blue-planet-globe-planet-87651-300x300.jpeg 300w, https:\/\/piesold.eu\/wp-content\/uploads\/2021\/02\/earth-blue-planet-globe-planet-87651-768x768.jpeg 768w\" sizes=\"auto, (max-width: 1000px) 100vw, 1000px\" \/><\/figure>\n<\/div>\n\n","protected":false},"excerpt":{"rendered":"<p>Systemtheorie und Verwaltung Eine systemische Betrachtung der Verwaltung hat erhebliche Vorteile, da die Elemente und Relationen wesentl\u00f6ich intensiver betrachtet werden k\u00f6nnen. Komplexit\u00e4tsprobleme k\u00f6nnen so besser identifiziert und gel\u00f6st werden. Unter Ber\u00fccksichtigung des technologischen Wandels erf\u00e4hrt diese systemtheoretische Betrachtung eine ungeh\u00f6rte Aktualit\u00e4t. Die Gedanken sind auch in Hanau frei Eine Chronologie \u00fcber die Entwicklung des Liberalismus&#8230;<\/p>\n","protected":false},"author":1,"featured_media":0,"parent":0,"menu_order":0,"comment_status":"closed","ping_status":"closed","template":"","meta":{"footnotes":""},"class_list":["post-78","page","type-page","status-publish","hentry"],"_links":{"self":[{"href":"https:\/\/piesold.eu\/index.php?rest_route=\/wp\/v2\/pages\/78","targetHints":{"allow":["GET"]}}],"collection":[{"href":"https:\/\/piesold.eu\/index.php?rest_route=\/wp\/v2\/pages"}],"about":[{"href":"https:\/\/piesold.eu\/index.php?rest_route=\/wp\/v2\/types\/page"}],"author":[{"embeddable":true,"href":"https:\/\/piesold.eu\/index.php?rest_route=\/wp\/v2\/users\/1"}],"replies":[{"embeddable":true,"href":"https:\/\/piesold.eu\/index.php?rest_route=%2Fwp%2Fv2%2Fcomments&post=78"}],"version-history":[{"count":7,"href":"https:\/\/piesold.eu\/index.php?rest_route=\/wp\/v2\/pages\/78\/revisions"}],"predecessor-version":[{"id":141,"href":"https:\/\/piesold.eu\/index.php?rest_route=\/wp\/v2\/pages\/78\/revisions\/141"}],"wp:attachment":[{"href":"https:\/\/piesold.eu\/index.php?rest_route=%2Fwp%2Fv2%2Fmedia&parent=78"}],"curies":[{"name":"wp","href":"https:\/\/api.w.org\/{rel}","templated":true}]}}