{"id":72,"date":"2021-02-07T11:08:03","date_gmt":"2021-02-07T11:08:03","guid":{"rendered":"http:\/\/piesold.eu\/?page_id=72"},"modified":"2021-02-07T16:59:16","modified_gmt":"2021-02-07T16:59:16","slug":"vita","status":"publish","type":"page","link":"https:\/\/piesold.eu\/?page_id=72","title":{"rendered":"Vita"},"content":{"rendered":"\n<p>geboren am 4.1.1958 in Hanau<\/p>\n\n\n\n<p>Ausbildung:<\/p>\n\n\n\n<p>Abitur an der Hohen Landesschule Hanau<\/p>\n\n\n\n<p>Studium der Wirtschaftswissenschaften (Volks- und Betriebswirtschaftslehre, Wirtschaftsp\u00e4dagogik) an der Johann-Wolfgang Goethe Universit\u00e4t Frankfurt, Abschluss Diplom-Kaufmann und Diplom-Handelslehrer<\/p>\n\n\n\n<p>Promotion zum Dr. rer. pol. vom Fachbereich Wirtschaftswissenschaften der  Johann-Wolfgang Goethe Universit\u00e4t Frankfurt<br><\/p>\n\n\n\n<p>Kurz Vita:<\/p>\n\n\n\n<p style=\"text-align:left\">Herr Prof. Dr. Ralf-Rainer Piesold war langj\u00e4hriger Lehrbeauftragter der  Frankfurt University of Applied Sciences und hat ab dem Sommersemester  2020 eine Vertretungsprofessur f\u00fcr Public Administration und Non-Profit  Management \u00fcbernommen. Er war von 2007 bis 2013 als hauptamtlicher  Stadtrat (Beigeordneter) der Stadt Hanau f\u00fcr die Bereiche Wirtschaft,  Schulen, Umwelt und Bauen zust\u00e4ndig. Er leitete anschlie\u00dfend die  Stabsstelle Digitalisierung und eGovernment der Beteiligungsholding  Hanau. &nbsp;&nbsp;Von 2013 bis 2014 war er Mitglied im Expertenkreis des  Fraunhofer Instituts f\u00fcr Silikatforschung\/Projektgruppe f\u00fcr  Wertstoffkreisl\u00e4ufe und Ressourcenmanagement (IWKS). Dr. Piesold  studierte an der Johann-Wolfgang Goethe Universit\u00e4t Frankfurt  &nbsp;Volkswirtschaft, Betriebswirtschaft und Wirtschaftsp\u00e4dagogik mit dem  Schwerpunkt &nbsp;Wirtschaftsinformatik bei Prof. Dr. Niedereichholz. Er war  wissenschaftlicher Mitarbeiter von Prof. Dr. Kaas. 1990 wurde er zum Dr.  rer. pol durch den Fachbereich Wirtschaftswissenschaften der  Johann-Wolfgang-Goethe Universit\u00e4t Frankfurt von Prof. Dr. Ernst Wurdack  mit dem Thema Computer-Based Education promoviert. 1985 legte er die  zweite Staatspr\u00fcfung f\u00fcr das Lehramt f\u00fcr berufliche Schulen mit den  F\u00e4chern Wirtschaft und Informatik ab und unterrichtete &nbsp;anschlie\u00dfend als  Studien- und Oberstudienrat an beruflichen Schulen. Dr. Piesold ist  Mitglied des Verwaltungsrates der Sparkasse Hanau und hatte bzw. hat  verschiedene Mandate in Aufsichtsr\u00e4ten kommunaler Beteiligungen. Er ist  nebenamtlich ehrenamtlicher Kreisbeigeordneter des Main-Kinzig-Kreises. <\/p>\n","protected":false},"excerpt":{"rendered":"<p>geboren am 4.1.1958 in Hanau Ausbildung: Abitur an der Hohen Landesschule Hanau Studium der Wirtschaftswissenschaften (Volks- und Betriebswirtschaftslehre, Wirtschaftsp\u00e4dagogik) an der Johann-Wolfgang Goethe Universit\u00e4t Frankfurt, Abschluss Diplom-Kaufmann und Diplom-Handelslehrer Promotion zum Dr. rer. pol. vom Fachbereich Wirtschaftswissenschaften der Johann-Wolfgang Goethe Universit\u00e4t Frankfurt Kurz Vita: Herr Prof. Dr. Ralf-Rainer Piesold war langj\u00e4hriger Lehrbeauftragter der Frankfurt University&#8230;<\/p>\n","protected":false},"author":1,"featured_media":0,"parent":0,"menu_order":0,"comment_status":"closed","ping_status":"closed","template":"","meta":{"footnotes":""},"class_list":["post-72","page","type-page","status-publish","hentry"],"_links":{"self":[{"href":"https:\/\/piesold.eu\/index.php?rest_route=\/wp\/v2\/pages\/72","targetHints":{"allow":["GET"]}}],"collection":[{"href":"https:\/\/piesold.eu\/index.php?rest_route=\/wp\/v2\/pages"}],"about":[{"href":"https:\/\/piesold.eu\/index.php?rest_route=\/wp\/v2\/types\/page"}],"author":[{"embeddable":true,"href":"https:\/\/piesold.eu\/index.php?rest_route=\/wp\/v2\/users\/1"}],"replies":[{"embeddable":true,"href":"https:\/\/piesold.eu\/index.php?rest_route=%2Fwp%2Fv2%2Fcomments&post=72"}],"version-history":[{"count":4,"href":"https:\/\/piesold.eu\/index.php?rest_route=\/wp\/v2\/pages\/72\/revisions"}],"predecessor-version":[{"id":77,"href":"https:\/\/piesold.eu\/index.php?rest_route=\/wp\/v2\/pages\/72\/revisions\/77"}],"wp:attachment":[{"href":"https:\/\/piesold.eu\/index.php?rest_route=%2Fwp%2Fv2%2Fmedia&parent=72"}],"curies":[{"name":"wp","href":"https:\/\/api.w.org\/{rel}","templated":true}]}}