{"id":53,"date":"2021-02-06T19:42:23","date_gmt":"2021-02-06T19:42:23","guid":{"rendered":"http:\/\/piesold.eu\/?page_id=53"},"modified":"2021-02-12T16:10:36","modified_gmt":"2021-02-12T16:10:36","slug":"hochschule","status":"publish","type":"page","link":"https:\/\/piesold.eu\/?page_id=53","title":{"rendered":"Hochschule"},"content":{"rendered":"\n<figure class=\"wp-block-image\"><img loading=\"lazy\" decoding=\"async\" width=\"1024\" height=\"412\" src=\"http:\/\/piesold.eu\/wp-content\/uploads\/2021\/02\/Visitenkarte-Hochschule-1024x412.png\" alt=\"\" class=\"wp-image-107\" srcset=\"https:\/\/piesold.eu\/wp-content\/uploads\/2021\/02\/Visitenkarte-Hochschule-1024x412.png 1024w, https:\/\/piesold.eu\/wp-content\/uploads\/2021\/02\/Visitenkarte-Hochschule-300x121.png 300w, https:\/\/piesold.eu\/wp-content\/uploads\/2021\/02\/Visitenkarte-Hochschule-768x309.png 768w, https:\/\/piesold.eu\/wp-content\/uploads\/2021\/02\/Visitenkarte-Hochschule.png 1382w\" sizes=\"auto, (max-width: 1024px) 100vw, 1024px\" \/><\/figure>\n\n\n\n<p>Sie erhalten \u00fcber folgenden Link weitere Informationen \u00fcber meine Lehrt\u00e4tigkeit:  <\/p>\n\n\n\n<p><a href=\"https:\/\/www.frankfurt-university.de\/de\/hochschule\/fachbereich-3-wirtschaft-und-recht\/kontakt\/professor-innen\/ralf-rainer-piesold\/\">https:\/\/www.frankfurt-university.de\/de\/hochschule\/fachbereich-3-wirtschaft-und-recht\/kontakt\/professor-innen\/ralf-rainer-piesold\/<\/a><\/p>\n\n\n\n<figure class=\"wp-block-image\"><img loading=\"lazy\" decoding=\"async\" width=\"310\" height=\"163\" src=\"http:\/\/piesold.eu\/wp-content\/uploads\/2021\/02\/Frankfurt-Unversity-of-Applied-Sciences-I.jpg\" alt=\"\" class=\"wp-image-58\" srcset=\"https:\/\/piesold.eu\/wp-content\/uploads\/2021\/02\/Frankfurt-Unversity-of-Applied-Sciences-I.jpg 310w, https:\/\/piesold.eu\/wp-content\/uploads\/2021\/02\/Frankfurt-Unversity-of-Applied-Sciences-I-300x158.jpg 300w\" sizes=\"auto, (max-width: 310px) 100vw, 310px\" \/><\/figure>\n\n\n\n<p>\u00dcber den Fachbereich Wirtschaft und Recht k\u00f6nnen Sie sich \u00fcber folgenden Link informieren:<\/p>\n\n\n\n<p><a href=\"https:\/\/www.frankfurt-university.de\/de\/hochschule\/fachbereich-3-wirtschaft-und-recht\/willkommen-am-fb-3\/\">https:\/\/www.frankfurt-university.de\/de\/hochschule\/fachbereich-3-wirtschaft-und-recht\/willkommen-am-fb-3\/<\/a><\/p>\n","protected":false},"excerpt":{"rendered":"<p>Sie erhalten \u00fcber folgenden Link weitere Informationen \u00fcber meine Lehrt\u00e4tigkeit: https:\/\/www.frankfurt-university.de\/de\/hochschule\/fachbereich-3-wirtschaft-und-recht\/kontakt\/professor-innen\/ralf-rainer-piesold\/ \u00dcber den Fachbereich Wirtschaft und Recht k\u00f6nnen Sie sich \u00fcber folgenden Link informieren: https:\/\/www.frankfurt-university.de\/de\/hochschule\/fachbereich-3-wirtschaft-und-recht\/willkommen-am-fb-3\/<\/p>\n","protected":false},"author":1,"featured_media":0,"parent":0,"menu_order":0,"comment_status":"closed","ping_status":"closed","template":"","meta":{"footnotes":""},"class_list":["post-53","page","type-page","status-publish","hentry"],"_links":{"self":[{"href":"https:\/\/piesold.eu\/index.php?rest_route=\/wp\/v2\/pages\/53","targetHints":{"allow":["GET"]}}],"collection":[{"href":"https:\/\/piesold.eu\/index.php?rest_route=\/wp\/v2\/pages"}],"about":[{"href":"https:\/\/piesold.eu\/index.php?rest_route=\/wp\/v2\/types\/page"}],"author":[{"embeddable":true,"href":"https:\/\/piesold.eu\/index.php?rest_route=\/wp\/v2\/users\/1"}],"replies":[{"embeddable":true,"href":"https:\/\/piesold.eu\/index.php?rest_route=%2Fwp%2Fv2%2Fcomments&post=53"}],"version-history":[{"count":5,"href":"https:\/\/piesold.eu\/index.php?rest_route=\/wp\/v2\/pages\/53\/revisions"}],"predecessor-version":[{"id":108,"href":"https:\/\/piesold.eu\/index.php?rest_route=\/wp\/v2\/pages\/53\/revisions\/108"}],"wp:attachment":[{"href":"https:\/\/piesold.eu\/index.php?rest_route=%2Fwp%2Fv2%2Fmedia&parent=53"}],"curies":[{"name":"wp","href":"https:\/\/api.w.org\/{rel}","templated":true}]}}